35
What is the remainder when 15935939 is divided by 3329?
16
Calculate the remainder when 107265955 is divided by 19.
11
What is the remainder when 60386483 is divided by 162?
11
Calculate the remainder when 103995 is divided by 51401.
1193
Calculate the remainder when 10849700 is divided by 146.
2
What is the remainder when 211293 is divided by 1537?
724
Calculate the remainder when 15552037 is divided by 4255.
12
What is the remainder when 1178380 is divided by 1178359?
21
Calculate the remainder when 13637936 is divided by 630.
326
Calculate the remainder when 678531320 is divided by 49.
47
Calculate the remainder when 11296 is divided by 2537.
1148
What is the remainder when 23867790 is divided by 1481?
1475
What is the remainder when 1673999 is divided by 671?
525
Calculate the remainder when 559205 is divided by 152.
149
What is the remainder when 10349570 is divided by 526?
520
Calculate the remainder when 5720874 is divided by 2860295.
284
Calculate the remainder when 44385 is divided by 43808.
577
What is the remainder when 27014645 is divided by 2990?
2985
What is the remainder when 193722111 is divided by 36?
27
What is the remainder when 23721931 is divided by 2856?
2851
What is the remainder when 150447 is divided by 6233?
855
What is the remainder when 650262 is divided by 65?
2
What is the remainder when 15287 is divided by 2749?
1542
Calculate the remainder when 143198 is divided by 472.
182
Calculate the remainder when 168770 is divided by 56032.
674
Calculate the remainder when 1697427 is divided by 3161.
3131
Calculate the remainder when 55507184 is divided by 11.
7
Calculate the remainder when 17960311 is divided by 3334.
53
What is the remainder when 243708 is divided by 48697?
223
What is the remainder when 58076 is divided by 4741?
1184
Calculate the remainder when 221991 is divided by 309.
129
Calculate the remainder when 307220434 is divided by 53.
51
Calculate the remainder when 1391449 is divided by 198775.
24
Calculate the remainder when 69969 is divided by 34781.
407
Calculate the remainder when 55673844 is divided by 10044.
9996
What is the remainder when 2709866 is divided by 4?
2
Calculate the remainder when 18126393 is divided by 2538.
2535
Calculate the remainder when 139898378 is divided by 154.
4
Calculate the remainder when 443342 is divided by 443265.
77
Calculate the remainder when 4332799 is divided by 4332711.
88
What is the remainder when 7296641 is divided by 617?
616
What is the remainder when 128301 is divided by 31967?
433
What is the remainder when 1612551 is divided by 403123?
59
What is the remainder when 712010 is divided by 19243?
19
What is the remainder when 26470 is divided by 3783?
3772
What is the remainder when 514575 is divided by 410?
25
Calculate the remainder when 51552808 is divided by 3438.
3436
What is the remainder when 8146185 is divided by 12?
9
Calculate the remainder when 156876 is divided by 3268.
12
Calculate the remainder when 132345 is divided by 1330.
675
Calculate the remainder when 210526 is divided by 688.
686
Calculate the remainder when 693246 is divided by 1381.
1365
Calculate the remainder when 78789 is divided by 26156.
321
Calculate the remainder when 6348077 is divided by 339.
302
Calculate the remainder when 127157 is divided by 3022.
233
What is the remainder when 1457191 is divided by 503?
0
Calculate the remainder when 294547 is divided by 8622.
1399
Calculate the remainder when 547598 is divided by 23757.
1187
What is the remainder when 218979 is divided by 43781?
74
Calculate the remainder when 47773 is divided by 7211.
4507
Calculate the remainder when 63403 is divided by 1303.
859
What is the remainder when 121833 is divided by 10100?
633
Calculate the remainder when 60266 is divided by 7500.
266
Calculate the remainder when 83908791 is divided by 14957.
21
What is the remainder when 85970 is divided by 7815?
5
What is the remainder when 35041994 is divided by 345?
344
What is the remainder when 280832 is divided by 2007?
1859
Calculate the remainder when 11628 is divided by 1916.
132
Calculate the remainder when 103961862 is divided by 5476.
2
What is the remainder when 176510007 is divided by 48?
39
What is the remainder when 21480058 is divided by 172?
10
What is the remainder when 1165209 is divided by 2236?
253
What is the remainder when 193469311 is divided by 673?
655
Calculate the remainder when 13045035 is divided by 1304503.
5
Calculate the remainder when 7414020 is divided by 674.
20
What is the remainder when 358594742 is divided by 619?
614
What is the remainder when 46768 is divided by 5093?
931
Calculate the remainder when 80860 is divided by 26804.
448
What is the remainder when 139378 is divided by 10645?
993
Calculate the remainder when 31580102 is divided by 148.
10
Calculate the remainder when 11021418 is divided by 270.
18
Calculate the remainder when 16885372 is divided by 703551.
148
What is the remainder when 218600 is divided by 36431?
14
Calculate the remainder when 35716459 is divided by 5952740.
19
Calculate the remainder when 1558220 is divided by 2802.
308
What is the remainder when 23575132 is divided by 7?
0
Calculate the remainder when 170868 is divided by 4060.
348
What is the remainder when 140166 is divided by 1501?
573
Calculate the remainder when 160679348 is divided by 465.
458
What is the remainder when 122865595 is divided by 239?
236
What is the remainder when 1739847 is divided by 1739832?
15
What is the remainder when 2987511 is divided by 68?
67
What is the remainder when 2262382 is divided by 754126?
4
Calculate the remainder when 2041463089 is divided by 12746.
12745
What is the remainder when 345505 is divided by 345437?
68
What is the remainder when 14351748 is divided by 9?
6
Calculate the remainder when 14779849 is divided by 1450.
1449
Calculate the remainder when 4074491 is divided by 16232.
259
What is the remainder when 184940 is divided by 1810?
320
Calculate the remainder when 137355 is divided by 16590.
4635
What is the remainder when 10304010 is divided by 7360?
10
What is the remainder when 300366104 is divided by 2668?
2664
Calculate the remainder when 36538831 is divided by 724.
723
Calculate the remainder when 89799 is divided by 443.
313
What is the remainder when 13628503 is divided by 65838?
37
Calculate the remainder when 39888609 is divided by 41988.
9
What is the remainder when 2104435 is divided by 2104114?
321
Calculate the remainder when 9593349 is divided by 592.
581
What is the remainder when 2520299 is divided by 29?
25
Calculate the remainder when 3712146 is divided by 31.
20
What is the remainder when 64012091 is divided by 45?
41
Calculate the remainder when 10646338 is divided by 709.
703
What is the remainder when 663474 is divided by 165868?
2
What is the remainder when 82523 is divided by 2579?
2574
What is the remainder when 13682470 is divided by 1524?
1522
Calculate the remainder when 2410613 is divided by 185430.
23
Calculate the remainder when 1897267 is divided by 2027.
2022
What is the remainder when 7289626 is divided by 1041367?
57
What is the remainder when 3391003 is divided by 678198?
13
What is the remainder when 1731354 is divided by 485?
389
Calculate the remainder when 2163542 is divided by 462.
458
What is the remainder when 30769724 is divided by 169?
63
What is the remainder when 36019 is divided by 17989?
41
What is the remainder when 46926312 is divided by 241?
238
What is the remainder when 189667 is divided by 94721?
225
What is the remainder when 3789343 is divided by 947333?
11
Calculate the remainder when 6209566 is divided by 6285.
6271
Calculate the remainder when 1945 is divided by 1191.
754
Calculate the remainder when 50441 is divided by 478.
251
What is the remainder when 179965616 is divided by 1339?
1338
What is the remainder when 1825016 is divided by 328?
24
What is the remainder when 188625 is divided by 37632?
465
What is the remainder when 46770 is divided by 931?
220
Calculate the remainder when 13791 is divided by 6501.
789
Calculate the remainder when 339694 is divided by 658.
166
What is the remainder when 14926345 is divided by 1977?
1972
What is the remainder when 8114446 is divided by 214?
208
What is the remainder when 2